*2 - 5*u**2 - u**2 + 13. Let p be g(-11). What is the greatest common factor of 91 and p?
13
Let v be 2/5 - (-103)/5. What is the greatest common factor of v and 42?
21
Suppose -3*s = -6*s + 51. What is the highest common factor of 68 and s?
17
Let i = 23 - 19. Let c(z) = -z. Let m = 3 - 4. Let k be c(m). What is the highest common divisor of i and k?
1
Let y(r) = 47*r + 11. Let l be y(7). Calculate the highest common divisor of 20 and l.
20
Let q be ((-20)/6)/(8/(-12)). Suppose 0 = q*v + 3 - 18. Calculate the highest common divisor of v and 12.
3
Let a(z) = z**3 - 10*z**2 - 3*z + 34. Let f be a(10). What is the greatest common factor of 32 and f?
4
Let t = 26 + -36. Let i = t - -26. What is the greatest common divisor of i and 128?
16
Suppose -p = 3*p - 4. Let g(n) = p - n + n**3 + 2 + 5*n + 0 + 5*n**2. Let o be g(-4). Calculate the highest common divisor of 6 and o.
3
Suppose -b = 4*b - 10. Let c(z) = z - 3. Let l be 2 + 6*(-2)/(-3). Let d be c(l). What is the highest common divisor of b and d?
1
Let k(q) = -q**3 - 4*q**2 + 2*q - 6. Let s be k(-5). Let w = -4 + s. Suppose -384 = 2*n - w*n. What is the highest common divisor of n and 16?
16
Suppose -100 = -3*p - 4*t - 16, -5*p + 4*t = -108. Suppose -3*g + 6*g - p = 0. Let j = g - 6. What is the greatest common divisor of 8 and j?
2
Suppose 0 = 7*j - 127 + 1. Suppose 20 = 5*h, 0 = -r - h - 2*h + 48. What is the highest common divisor of r and j?
18
Let z = 16 - -26. Let s = z - 27. What is the greatest common factor of 15 and s?
15
Let x(v) = -v**3 + 10*v**2 + 5*v + 1. Let r(s) = s**3 - 1. Let u(p) = -2*r(p) - x(p). Let g be u(-10). What is the highest common factor of g and 34?
17
Suppose d + 108 = n + n, -3*d = 0. Let g be 38/(-4) + 2/(-4). Let j be (-64)/g + 6/(-15). Calculate the greatest common divisor of j and n.
6
Suppose -h = -2*h + 5. Suppose 0 = -n + b + 10, h*n - b + 0*b = 54. Calculate the greatest common factor of n and 77.
11
Suppose c + 2 + 0 = 4*x, 10 = 4*c + 2*x. Suppose -46 = -5*d + 4*m, -7*d + 38 = -c*d - 2*m. Let g = 19 + -10. What is the greatest common factor of d and g?
3
Suppose w - 32 = 18. What is the highest common factor of w and 10?
10
Let g be (-112)/(-5) + (-22)/55. What is the highest common divisor of g and 77?
11
Suppose -14 - 58 = -6*h. Calculate the greatest common factor of h and 12.
12
Let k be 2/3 + (-68)/(-6). Suppose c + 6*p - 4 = 2*p, -4*p - 12 = -c. Calculate the highest common factor of c and k.
4
Let m(w) = 6*w**2 - 4*w + 2. Let n be m(-6). Calculate the highest common divisor of 22 and n.
22
Suppose -3*j - 4*o + 5 + 11 = 0, -5*j + 45 = 3*o. Let f be 17 - (-2)/(-2 + 0). Suppose 4 = -3*q + f. Calculate the highest common divisor of q and j.
4
Let f(h) = h - 3. Let i be (-4)/(-1) - (10 - 13). Let j be f(i). What is the greatest common factor of j and 28?
4
Let z = -9 - -16. Suppose 63 = -4*f + z*f. What is the greatest common divisor of f and 14?
7
Let m be (-102)/(-15) - 1/(-5). Calculate the highest common factor of 35 and m.
7
Suppose -5*p + 4*p = -36. Let q be (8/6)/((-2)/(-9)). Let s be 3/(q/20) - 1. Calculate the highest common divisor of s and p.
9
Suppose 5*c - 190 + 185 = 0. Let q be 1*-3*(-2 - 1). Calculate the greatest common factor of q and c.
1
Let u be 0 - -2 - (2 - 2). Suppose -p + 4 = u. Suppose -2 = -5*o + 13. What is the highest common factor of o and p?
1
Suppose 0 = -3*p + 3*c - 12, 0 = 2*p - c + 2*c + 23. Let o be (p/2)/(2/(-4)). Calculate the highest common divisor of o and 63.
9
Let u(k) = -k - 1. Let i be u(-7). Let s be (-1)/(-1 + 1/2). Suppose i - 34 = -s*x. What is the greatest common factor of 14 and x?
14
Let q = 98 + -91. Calculate the highest common factor of q and 28.
7
Suppose 3*m = 2 + 10. Suppose 0*g + 6 = -4*l - 2*g, -10 = 2*g. Let i be 1 + (l - 4) - -14. Calculate the highest common factor of i and m.
4
Let b be (-205)/(-10) - 2/4. What is the highest common divisor of 5 and b?
5
Let i = 7 + 3. Let c(o) = -o - 2. Let g be c(-7). Suppose -3*l = -g*s + 153, -3*s - 2*l = 2*l - 86. What is the highest common divisor of s and i?
10
Suppose -10*n + 0 = -20. Calculate the greatest common divisor of n and 10.
2
Let j = -195 + 115. Let i = 196 + -46. Let c = j + i. Calculate the greatest common divisor of 14 and c.
14
Let j = 24 + -6. Let k(h) = 8*h**2 - h + 3. Let m be k(5). What is the greatest common divisor of j and m?
18
Suppose -2*a - 62 = -4*m, 0 = -5*a + 3*m - m - 131. Let r be (-2 - -2)/1 + 31. Let h = r - a. What is the greatest common divisor of 7 and h?
7
Let x(o) be the second derivative of 9*o**3/2 + 3*o. Let w(p) = -p**3 + p + 2. Let j be w(0). Let u be x(j). Calculate the greatest common factor of 6 and u.
6
Let w(q) = q**2 - 18*q + 7. Let j be w(7). Let f be j/(-4) - (-2)/4. Calculate the greatest common factor of 9 and f.
9
Let m(r) = r**3 - 4*r - 5. Let a be m(5). Calculate the highest common factor of 20 and a.
20
Let d = 21 - 19. Suppose d*g + 3 = 5*g. What is the highest common divisor of g and 5?
1
Let o = -98 + 107. Calculate the greatest common divisor of 9 and o.
9
Let q be 59/3 - 2/(-6). What is the greatest common factor of 8 and q?
4
Suppose 4 = -v - v. Let q be 422/7 + v/7. Let w(y) = -y**2 - 12*y + 4. Let x be w(-10). What is the greatest common divisor of x and q?
12
Suppose -4*a + 4 = -3*a. Suppose m + 3*q - q + 2 = 0, -q + 20 = a*m. Let j(y) = 20*y - 8. Let f be j(m). Calculate the highest common factor of 16 and f.
16
Let o(s) = -s**2 + 21*s - 6. Let r be o(19). Calculate the highest common divisor of 48 and r.
16
Let k(l) = -3*l - 6. Let w be k(-4). What is the greatest common divisor of 15 and w?
3
Let l(k) be the second derivative of k**5/20 - k**4/6 - k**3 + 3*k**2/2 - k. Let s be l(4). Let d = -2 + 24. What is the highest common factor of d and s?
11
Suppose 0 = 2*p - 2 - 6. Calculate the highest common factor of 28 and p.
4
Let r = 16 - 2. What is the highest common divisor of 14 and r?
14
Let k = 58 + -43. What is the greatest common factor of k and 15?
15
Suppose 0 = -0*h + h + 2*o - 118, 575 = 5*h + 5*o. Let m(y) = -8*y - 4. Let a be m(-4). What is the highest common divisor of a and h?
28
Let i = -26 - -40. Suppose u = -0*u + i. Let z(t) = -6*t + 2. Let m be z(-2). What is the greatest common factor of u and m?
14
Suppose 4 = 4*a - 24. Suppose 115 = 15*u - 10*u. Let l = u + a. Calculate the greatest common divisor of 15 and l.
15
Suppose -2*m + 4*g = -222 + 70, -3*m - 2*g + 260 = 0. Let l = m + 26. Calculate the greatest common factor of l and 10.
10
Let q(a) = -a - 2. Let s be q(-2). Suppose s = -2*w - 44 + 14. Let t be w*((-3)/9 - 1). Calculate the greatest common factor of 8 and t.
4
Let v be (-4 + 4 + 2)*(2 + 122). What is the greatest common factor of v and 31?
31
Let r(s) = 40*s - 11. Let j be r(5). Calculate the greatest common factor of 21 and j.
21
Let k be ((-18)/12)/((-2)/(-20)). Let j be ((-18)/k)/((-4)/(-50)). Let b(n) = n**3 + 8*n**2 - 4. Let w be b(-7). What is the greatest common divisor of w and j?
15
Let a be (-103)/(-3) - (-2)/3. Calculate the highest common factor of a and 5.
5
Let h(t) = 2*t - 3. Let b be h(5). Suppose -b = o + 7. Let n = -3 - o. What is the highest common factor of 11 and n?
11
Let u = 3 - -2. Let h = u - -55. Suppose -c - h = -5*c. Calculate the highest common factor of 105 and c.
15
Let d(b) = b**2 - 12*b + 14. Let z be d(11). Suppose -l - 2*l - 4*m = -160, 175 = z*l + m. What is the highest common divisor of 15 and l?
15
Let q(a) = 6*a. Let r be q(6). Let f(x) = -x + 8. Let v be f(6). Suppose 5*j - 7 = -2*w + 21, v*w - 4*j = 64. Calculate the greatest common divisor of r and w.
12
Let f be (-2)/(-5) - 23/(-5). Suppose -3*p = -f*p + 56. Calculate the greatest common divisor of 280 and p.
28
Let l be -1 + 6/3 + 153. Let f = l - 74. What is the highest common divisor of f and 10?
10
Suppose 0 = -4*v - 443 + 1595. What is the greatest common divisor of 36 and v?
36
Suppose 0 = -0*h - 2*h + 26. Let n be (5 + -2)/(-3) + h. Suppose 2*p - p = 3*f + 30, -112 = -3*p - 2*f. What is the highest common factor of n and p?
12
Suppose -84 = -h - w, 0 = h - 4*w - 29 - 40. What is the greatest common factor of h and 9?
9
Suppose 4*t + i - 53 = 0, -4*i = -t - i + 23. Calculate the greatest common divisor of t and 14.
14
Let b be 312/30*(21/6 - 1). Calc